{"id":354,"date":"2019-09-09T17:48:38","date_gmt":"2019-09-09T17:48:38","guid":{"rendered":"https:\/\/www.btaytd.org\/web\/?page_id=354"},"modified":"2019-09-11T20:00:14","modified_gmt":"2019-09-11T20:00:14","slug":"baskandan-mesaj","status":"publish","type":"page","link":"https:\/\/www.btaytd.org\/web\/tr\/baskandan-mesaj\/","title":{"rendered":"Ba\u015fkan&#8217;dan Mesaj"},"content":{"rendered":"\n<p>Sevgili \u00fcyelerimiz ve de\u011ferli ziyaret\u00e7ilerimiz,<\/p>\n\n\n\n<p>Bat\u0131 Trakya Az\u0131nl\u0131\u011f\u0131 Y\u00fcksek Tahsilliler Derne\u011fi y\u00f6netim kurulu olarak g\u00f6reve geldi\u011fimiz 1 \u015eubat tarihinden itibaren, 1982 y\u0131l\u0131ndan bu yana faaliyetlerini s\u00fcrd\u00fcren derne\u011fimizde, yeniden yap\u0131lanmaya ihtiya\u00e7 oldu\u011funu tesbit ettik ve bu y\u00f6nde&nbsp; efor sarf etmeye ba\u015flad\u0131k.<\/p>\n\n\n\n<p>Dernek y\u00f6netim ve i\u015fleyi\u015finde imk\u00e2nlar\u0131n elverdi\u011fi \u00f6l\u00e7\u00fcde \u00e7a\u011f\u0131n gereklerini yerine getirmek, \u00fcyelerimizin ve Bat\u0131 Trakya M\u00fcsl\u00fcman T\u00fcrk Az\u0131nl\u0131\u011f\u0131\u2019n\u0131n derne\u011fimizden beklentilerine cevap verebilmek i\u00e7in, \u015feffaf bir y\u00f6netim anlay\u0131\u015f\u0131yla sadece \u00fcyelerimize de\u011fil; Bat\u0131 Trakya M\u00fcsl\u00fcman T\u00fcrk Az\u0131nl\u0131\u011f\u0131 mensuplar\u0131n\u0131n tamam\u0131na hizmet etme ad\u0131na \u00e7al\u0131\u015fmalar\u0131m\u0131z\u0131 s\u00fcrd\u00fcrmekteyiz.<\/p>\n\n\n\n<p>Y\u00f6netim Kurulu \u00dcyeleri olarak bizler, bu toplumun derne\u011fimizden beklentilerinin \u00e7ok b\u00fcy\u00fck oldu\u011fu bilinci ile hareket ederek, bu topluma fayda getirecek projeler \u00fcretme \u00e7abas\u0131n\u0131 sarfetmekteyiz.<\/p>\n\n\n\n<p>Son 15 y\u0131l i\u00e7erisinde&nbsp; \u00e7ehre de\u011fi\u015ftiren toplumumuz, art\u0131k hakk\u0131n\u0131 gerekti\u011fi gibi arayabilen daha do\u011frusu haklar\u0131n\u0131n fark\u0131na varan bir toplum h\u00fcviyetine b\u00fcr\u00fcnm\u00fc\u015ft\u00fcr. Bu s\u00fcre\u00e7te topluma hizmet edebilecek, bilgili, birikimli insan say\u0131m\u0131z\u0131n herg\u00fcn artt\u0131\u011f\u0131n\u0131 g\u00f6r\u00fcyor olmak da bizleri fazlas\u0131yla memnun etmektedir.<\/p>\n\n\n\n<p>Yukar\u0131da&nbsp; bahsetti\u011fim yeniden yap\u0131lanma \u00e7al\u0131\u015fmalar\u0131ndan bir tanesi de, derne\u011fimizin d\u0131\u015f d\u00fcnya ile s\u00fcrekli irtibatta olmas\u0131na vesile olan internet sayfam\u0131z\u0131n, daha kullan\u0131l\u0131r, daha&nbsp; kapsaml\u0131 ve \u00e7a\u011f\u0131n gereklerine ayak uyduran bir \u015fekilde hizmet vermesini sa\u011flamakt\u0131. \u00c7ok \u015f\u00fck\u00fcr ki, web sitemizin yenilenme sorumlulu\u011funu \u00fcstlenen \u00fcyelerimizin d\u00fczenli ve \u00f6zverili \u00e7al\u0131\u015fmalar\u0131 sonucunda bu hedefimizi ger\u00e7ekle\u015ftirdik.<\/p>\n\n\n\n<p>Toplumumuzun hassasiyetlerini iyi bilen ve anlayan Bat\u0131 Trakya M\u00fcsl\u00fcman T\u00fcrk Az\u0131nl\u0131\u011f\u0131 mensuplar\u0131 taraf\u0131ndan kurulmu\u015f olup, g\u00fcn\u00fcm\u00fcze kadar faaliyetlerini ayn\u0131 anlay\u0131\u015fla ve sorumlulukla devam ettiren derne\u011fimizin, bu g\u00fcne kadar oldu\u011fu gibi, bundan sonra da toplumumuzun hizmetinde olmaya devam edece\u011fini bir kez daha belirtmek isteriz.&nbsp;&nbsp;<\/p>\n\n\n\n<p><strong>Sayg\u0131lar\u0131mla<\/strong><\/p>\n\n\n\n<p><strong>Av. Ahmet KARA<\/strong><\/p>\n","protected":false},"excerpt":{"rendered":"<p>Sevgili \u00fcyelerimiz ve de\u011ferli ziyaret\u00e7ilerimiz, Bat\u0131 Trakya Az\u0131nl\u0131\u011f\u0131 Y\u00fcksek Tahsilliler Derne\u011fi y\u00f6netim kurulu olarak g\u00f6reve geldi\u011fimiz 1 \u015eubat tarihinden itibaren, 1982 y\u0131l\u0131ndan bu yana faaliyetlerini s\u00fcrd\u00fcren derne\u011fimizde, yeniden yap\u0131lanmaya ihtiya\u00e7 oldu\u011funu tesbit ettik ve bu y\u00f6nde&nbsp; efor sarf etmeye ba\u015flad\u0131k. Dernek y\u00f6netim ve i\u015fleyi\u015finde imk\u00e2nlar\u0131n elverdi\u011fi \u00f6l\u00e7\u00fcde \u00e7a\u011f\u0131n gereklerini yerine getirmek, \u00fcyelerimizin ve Bat\u0131 Trakya<\/p>\n<div class=\"read-more\"><a href=\"https:\/\/www.btaytd.org\/web\/tr\/baskandan-mesaj\/\" title=\"Read More\">Read More<\/a><\/div>\n","protected":false},"author":2,"featured_media":0,"parent":0,"menu_order":0,"comment_status":"closed","ping_status":"closed","template":"","meta":{"footnotes":""},"class_list":["post-354","page","type-page","status-publish"],"_links":{"self":[{"href":"https:\/\/www.btaytd.org\/web\/wp-json\/wp\/v2\/pages\/354"}],"collection":[{"href":"https:\/\/www.btaytd.org\/web\/wp-json\/wp\/v2\/pages"}],"about":[{"href":"https:\/\/www.btaytd.org\/web\/wp-json\/wp\/v2\/types\/page"}],"author":[{"embeddable":true,"href":"https:\/\/www.btaytd.org\/web\/wp-json\/wp\/v2\/users\/2"}],"replies":[{"embeddable":true,"href":"https:\/\/www.btaytd.org\/web\/wp-json\/wp\/v2\/comments?post=354"}],"version-history":[{"count":2,"href":"https:\/\/www.btaytd.org\/web\/wp-json\/wp\/v2\/pages\/354\/revisions"}],"predecessor-version":[{"id":466,"href":"https:\/\/www.btaytd.org\/web\/wp-json\/wp\/v2\/pages\/354\/revisions\/466"}],"wp:attachment":[{"href":"https:\/\/www.btaytd.org\/web\/wp-json\/wp\/v2\/media?parent=354"}],"curies":[{"name":"wp","href":"https:\/\/api.w.org\/{rel}","templated":true}]}}