{"id":402,"date":"2019-09-09T18:00:53","date_gmt":"2019-09-09T18:00:53","guid":{"rendered":"https:\/\/www.btaytd.org\/web\/?page_id=402"},"modified":"2019-09-15T22:25:21","modified_gmt":"2019-09-15T22:25:21","slug":"genc-akademisyenler-toplulugu-g-a-t","status":"publish","type":"page","link":"https:\/\/www.btaytd.org\/web\/tr\/genc-akademisyenler-toplulugu-g-a-t\/","title":{"rendered":"Gen\u00e7 Akademisyenler Toplulu\u011fu (G.A.T.)"},"content":{"rendered":"<div id=\"pl-gb402-69fcf73b740c0\"  class=\"panel-layout\" ><div id=\"pg-gb402-69fcf73b740c0-0\"  class=\"panel-grid panel-no-style\" ><div id=\"pgc-gb402-69fcf73b740c0-0-0\"  class=\"panel-grid-cell\"  data-weight=\"1\" ><div id=\"panel-gb402-69fcf73b740c0-0-0-0\" class=\"so-panel widget widget_oc-block-9 panel-first-child panel-last-child\" data-index=\"0\" data-style=\"{&quot;background_image_attachment&quot;:false,&quot;background_display&quot;:&quot;tile&quot;}\" ><div\n\t\t\t\n\t\t\tclass=\"so-widget-oc-block-9 so-widget-oc-block-9-default-ed907b606b9d-402\"\n\t\t\t\n\t\t><div id=\"flipmag-bid-tveipadmuroqxbhnwlzjgykcf\"><div class=\"oc-block block-9 row\"  data-id=\"tveipadmuroqxbhnwlzjgykcf\" id=\"block_tveipadmuroqxbhnwlzjgykcf\" ><div class=\"column half\"><article class=\"post-11766 post type-post status-publish format-standard has-post-thumbnail category-dis-iliskiler-ve-insan-haklari category-fotograflar category-genc-akademisyenler-toplulugu \" itemscope itemtype=\"http:\/\/schema.org\/Article\" ><div class=\"thumbs\"><span class=\"cat-title cat-46\"><a href=\"https:\/\/www.btaytd.org\/web\/tr\/category\/dis-iliskiler-ve-insan-haklari\/\">D\u0131\u015f \u0130li\u015fkiler ve \u0130nsan Haklar\u0131<\/a><\/span><span class=\"fa fa-circle-o-notch fa-spin loader-img\"><\/span><a href=\"https:\/\/www.btaytd.org\/web\/tr\/12-ay-12-mutluluk\/\" itemprop=\"url\"><img loading=\"lazy\" decoding=\"async\" width=\"702\" height=\"336\" src=\"https:\/\/www.btaytd.org\/web\/wp-content\/uploads\/2026\/04\/image1-2-702x336.jpeg\" class=\"attachment-flipmag-main-slider size-flipmag-main-slider wp-post-image\" alt=\"\" title=\"12 AY 12 MUTLULUK\" itemprop=\"image\" srcset=\"https:\/\/www.btaytd.org\/web\/wp-content\/uploads\/2026\/04\/image1-2-702x336.jpeg 702w, https:\/\/www.btaytd.org\/web\/wp-content\/uploads\/2026\/04\/image1-2-1078x516.jpeg 1078w\" sizes=\"(max-width: 702px) 100vw, 702px\" \/><\/a><\/div><div class=\"content\"><a href=\"https:\/\/www.btaytd.org\/web\/tr\/12-ay-12-mutluluk\/\" title=\"12 AY 12 MUTLULUK\" itemprop=\"name url\"><h3>12 AY 12 MUTLULUK<\/h3><\/a><div class=\"block-meta\"><span class=\"posted-by\">By <span class=\"author\" itemprop=\"author\"><a href=\"https:\/\/www.btaytd.org\/web\/author\/btaytd\/\">BTAYTD BTAYTD<\/a><\/span><\/span><time datetime=\"2026-04-20T10:01:47+00:00\" itemprop=\"datePublished\"><a href=\"https:\/\/www.btaytd.org\/web\/2026\/04\/20\/\">Nisan 20, 2026<\/a><\/time><span class=\"comments\"><a href=\"https:\/\/www.btaytd.org\/web\/tr\/12-ay-12-mutluluk\/#respond\"><i class=\"fa fa-comments-o\"><\/i> 0<\/a><\/span><\/div><div class=\"excerpt\"><p>Gen\u00e7 Akademisyenler toplulu\u011fu olarak Nisan ay\u0131 itibar\u0131yla \u201c12 Ay 12 Mutluluk\u201d projemizi ba\u015flatm\u0131\u015f bulunuyoruz  Bu anlaml\u0131 yolculu\u011fa, G\u00fcm\u00fclcine \u015fehrimiz ve&hellip;<\/p>\n<\/div><\/div><\/article><\/div><div class=\"column half\"><article class=\"post-11756 post type-post status-publish format-standard has-post-thumbnail category-duyurular category-fotograflar category-genc-akademisyenler-toplulugu \" itemscope itemtype=\"http:\/\/schema.org\/Article\" ><div class=\"thumbs\"><span class=\"cat-title cat-15\"><a href=\"https:\/\/www.btaytd.org\/web\/tr\/category\/duyurular\/\">Duyurular<\/a><\/span><span class=\"fa fa-circle-o-notch fa-spin loader-img\"><\/span><a href=\"https:\/\/www.btaytd.org\/web\/tr\/gat-bowling-turnuvasi\/\" itemprop=\"url\"><img loading=\"lazy\" decoding=\"async\" width=\"702\" height=\"336\" src=\"https:\/\/www.btaytd.org\/web\/wp-content\/uploads\/2026\/04\/image8-702x336.jpeg\" class=\"attachment-flipmag-main-slider size-flipmag-main-slider wp-post-image\" alt=\"\" title=\"GAT BOWL\u0130NG TURNUVASI\" itemprop=\"image\" srcset=\"https:\/\/www.btaytd.org\/web\/wp-content\/uploads\/2026\/04\/image8-702x336.jpeg 702w, https:\/\/www.btaytd.org\/web\/wp-content\/uploads\/2026\/04\/image8-1078x516.jpeg 1078w\" sizes=\"(max-width: 702px) 100vw, 702px\" \/><\/a><\/div><div class=\"content\"><a href=\"https:\/\/www.btaytd.org\/web\/tr\/gat-bowling-turnuvasi\/\" title=\"GAT BOWL\u0130NG TURNUVASI\" itemprop=\"name url\"><h3>GAT BOWL\u0130NG TURNUVASI<\/h3><\/a><div class=\"block-meta\"><span class=\"posted-by\">By <span class=\"author\" itemprop=\"author\"><a href=\"https:\/\/www.btaytd.org\/web\/author\/btaytd\/\">BTAYTD BTAYTD<\/a><\/span><\/span><time datetime=\"2026-04-20T09:39:34+00:00\" itemprop=\"datePublished\"><a href=\"https:\/\/www.btaytd.org\/web\/2026\/04\/20\/\">Nisan 20, 2026<\/a><\/time><span class=\"comments\"><a href=\"https:\/\/www.btaytd.org\/web\/tr\/gat-bowling-turnuvasi\/#respond\"><i class=\"fa fa-comments-o\"><\/i> 0<\/a><\/span><\/div><div class=\"excerpt\"><p>Gen\u00e7 Akademisyenler toplulu\u011fu olarak 15 Nisan \u00c7ar\u015famba ak\u015fam\u0131 d\u00fczenledi\u011fimiz bowling turnuvas\u0131nda harika anlar ya\u015fad\u0131k Kat\u0131lan ve bu g\u00fczel m\u00fccadeleye renk&hellip;<\/p>\n<\/div><\/div><\/article><\/div><div class=\"column half\"><article class=\"post-11702 post type-post status-publish format-standard has-post-thumbnail category-duyurular category-fotograflar category-genc-akademisyenler-toplulugu \" itemscope itemtype=\"http:\/\/schema.org\/Article\" ><div class=\"thumbs\"><span class=\"cat-title cat-15\"><a href=\"https:\/\/www.btaytd.org\/web\/tr\/category\/duyurular\/\">Duyurular<\/a><\/span><span class=\"fa fa-circle-o-notch fa-spin loader-img\"><\/span><a href=\"https:\/\/www.btaytd.org\/web\/tr\/genc-akademisyenler-toplulugundan-nezaket-ziyaretleri\/\" itemprop=\"url\"><img loading=\"lazy\" decoding=\"async\" width=\"702\" height=\"336\" src=\"https:\/\/www.btaytd.org\/web\/wp-content\/uploads\/2026\/04\/WhatsApp-Image-2026-04-09-at-7.55.01-PM-1-702x336.jpeg\" class=\"attachment-flipmag-main-slider size-flipmag-main-slider wp-post-image\" alt=\"\" title=\"GEN\u00c7 AKADEM\u0130SYENLER TOPLULU\u011eU&#8217;NDAN NEZAKET Z\u0130YARETLER\u0130\" itemprop=\"image\" srcset=\"https:\/\/www.btaytd.org\/web\/wp-content\/uploads\/2026\/04\/WhatsApp-Image-2026-04-09-at-7.55.01-PM-1-702x336.jpeg 702w, https:\/\/www.btaytd.org\/web\/wp-content\/uploads\/2026\/04\/WhatsApp-Image-2026-04-09-at-7.55.01-PM-1-1078x516.jpeg 1078w\" sizes=\"(max-width: 702px) 100vw, 702px\" \/><\/a><\/div><div class=\"content\"><a href=\"https:\/\/www.btaytd.org\/web\/tr\/genc-akademisyenler-toplulugundan-nezaket-ziyaretleri\/\" title=\"GEN\u00c7 AKADEM\u0130SYENLER TOPLULU\u011eU&#8217;NDAN NEZAKET Z\u0130YARETLER\u0130\" itemprop=\"name url\"><h3>GEN\u00c7 AKADEM\u0130SYENLER TOPLULU\u011eU&#8217;NDAN NEZAKET Z\u0130YARETLER\u0130<\/h3><\/a><div class=\"block-meta\"><span class=\"posted-by\">By <span class=\"author\" itemprop=\"author\"><a href=\"https:\/\/www.btaytd.org\/web\/author\/btaytd\/\">BTAYTD BTAYTD<\/a><\/span><\/span><time datetime=\"2026-04-09T19:11:03+00:00\" itemprop=\"datePublished\"><a href=\"https:\/\/www.btaytd.org\/web\/2026\/04\/09\/\">Nisan 9, 2026<\/a><\/time><span class=\"comments\"><a href=\"https:\/\/www.btaytd.org\/web\/tr\/genc-akademisyenler-toplulugundan-nezaket-ziyaretleri\/#respond\"><i class=\"fa fa-comments-o\"><\/i> 0<\/a><\/span><\/div><div class=\"excerpt\"><p>Gen\u00e7 Akademisyenler Toplulu\u011fu (GAT) Y\u00f6netim Kurulu olarak; T.C. G\u00fcm\u00fclcine Ba\u015fkonsolosu Say\u0131n Aykut \u00dcnal\u2019a, Bat\u0131 Trakya T\u00fcrk Az\u0131nl\u0131\u011f\u0131 Dan\u0131\u015fma Kurulu Ba\u015fkan\u0131&hellip;<\/p>\n<\/div><\/div><\/article><\/div><div class=\"column half\"><article class=\"post-11643 post type-post status-publish format-standard category-duyurular category-fotograflar category-genc-akademisyenler-toplulugu \" itemscope itemtype=\"http:\/\/schema.org\/Article\" ><div class=\"content\"><a href=\"https:\/\/www.btaytd.org\/web\/tr\/genc-akademisyen-toplulugu-genel-kurulu-gerceklesti\/\" title=\"Gen\u00e7 Akademisyen Toplulu\u011fu Genel Kurulu Ger\u00e7ekle\u015fti\" itemprop=\"name url\"><h3>Gen\u00e7 Akademisyen Toplulu\u011fu Genel Kurulu Ger\u00e7ekle\u015fti<\/h3><\/a><div class=\"block-meta\"><span class=\"posted-by\">By <span class=\"author\" itemprop=\"author\"><a href=\"https:\/\/www.btaytd.org\/web\/author\/btaytd\/\">BTAYTD BTAYTD<\/a><\/span><\/span><time datetime=\"2026-03-29T20:04:50+00:00\" itemprop=\"datePublished\"><a href=\"https:\/\/www.btaytd.org\/web\/2026\/03\/29\/\">Mart 29, 2026<\/a><\/time><span class=\"comments\"><a href=\"https:\/\/www.btaytd.org\/web\/tr\/genc-akademisyen-toplulugu-genel-kurulu-gerceklesti\/#respond\"><i class=\"fa fa-comments-o\"><\/i> 0<\/a><\/span><\/div><div class=\"excerpt\"><p>Gen\u00e7 Akademisyen Toplulu\u011fu Genel Kurulu Ger\u00e7ekle\u015fti 29 Mart 2026 Pazar g\u00fcn\u00fc, Gen\u00e7 Akademisyenler Toplulu\u011fu (GAT) 30. Ola\u011fan Genel Kurulu ger\u00e7ekle\u015ftirilmi\u015ftir.&hellip;<\/p>\n<\/div><\/div><\/article><\/div><div class=\"column half\"><article class=\"post-11531 post type-post status-publish format-standard has-post-thumbnail category-alt-kurullar category-duyurular category-fotograflar category-genc-akademisyenler-toplulugu \" itemscope itemtype=\"http:\/\/schema.org\/Article\" ><div class=\"thumbs\"><span class=\"cat-title cat-44\"><a href=\"https:\/\/www.btaytd.org\/web\/tr\/category\/alt-kurullar\/\">Alt Kurullar<\/a><\/span><span class=\"fa fa-circle-o-notch fa-spin loader-img\"><\/span><a href=\"https:\/\/www.btaytd.org\/web\/tr\/duyuru-32\/\" itemprop=\"url\"><img loading=\"lazy\" decoding=\"async\" width=\"702\" height=\"336\" src=\"https:\/\/www.btaytd.org\/web\/wp-content\/uploads\/2026\/03\/WhatsApp-Image-2026-03-06-at-4.45.24-PM-702x336.jpeg\" class=\"attachment-flipmag-main-slider size-flipmag-main-slider wp-post-image\" alt=\"\" title=\"DUYURU\" itemprop=\"image\" srcset=\"https:\/\/www.btaytd.org\/web\/wp-content\/uploads\/2026\/03\/WhatsApp-Image-2026-03-06-at-4.45.24-PM-702x336.jpeg 702w, https:\/\/www.btaytd.org\/web\/wp-content\/uploads\/2026\/03\/WhatsApp-Image-2026-03-06-at-4.45.24-PM-1078x516.jpeg 1078w\" sizes=\"(max-width: 702px) 100vw, 702px\" \/><\/a><\/div><div class=\"content\"><a href=\"https:\/\/www.btaytd.org\/web\/tr\/duyuru-32\/\" title=\"DUYURU\" itemprop=\"name url\"><h3>DUYURU<\/h3><\/a><div class=\"block-meta\"><span class=\"posted-by\">By <span class=\"author\" itemprop=\"author\"><a href=\"https:\/\/www.btaytd.org\/web\/author\/btaytd\/\">BTAYTD BTAYTD<\/a><\/span><\/span><time datetime=\"2026-03-06T17:42:35+00:00\" itemprop=\"datePublished\"><a href=\"https:\/\/www.btaytd.org\/web\/2026\/03\/06\/\">Mart 6, 2026<\/a><\/time><span class=\"comments\"><a href=\"https:\/\/www.btaytd.org\/web\/tr\/duyuru-32\/#respond\"><i class=\"fa fa-comments-o\"><\/i> 0<\/a><\/span><\/div><div class=\"excerpt\"><\/div><\/div><\/article><\/div><div class=\"column half\"><article class=\"post-10640 post type-post status-publish format-standard has-post-thumbnail category-duyurular category-fotograflar category-genc-akademisyenler-toplulugu \" itemscope itemtype=\"http:\/\/schema.org\/Article\" ><div class=\"thumbs\"><span class=\"cat-title cat-15\"><a href=\"https:\/\/www.btaytd.org\/web\/tr\/category\/duyurular\/\">Duyurular<\/a><\/span><span class=\"fa fa-circle-o-notch fa-spin loader-img\"><\/span><a href=\"https:\/\/www.btaytd.org\/web\/tr\/13-geleneksel-gat-festivali-coskuyla-gerceklesti\/\" itemprop=\"url\"><img loading=\"lazy\" decoding=\"async\" width=\"702\" height=\"336\" src=\"https:\/\/www.btaytd.org\/web\/wp-content\/uploads\/2025\/08\/4-702x336.jpg\" class=\"attachment-flipmag-main-slider size-flipmag-main-slider wp-post-image\" alt=\"\" title=\"13. Geleneksel GAT Festivali Co\u015fkuyla Ger\u00e7ekle\u015fti\" itemprop=\"image\" srcset=\"https:\/\/www.btaytd.org\/web\/wp-content\/uploads\/2025\/08\/4-702x336.jpg 702w, https:\/\/www.btaytd.org\/web\/wp-content\/uploads\/2025\/08\/4-1078x516.jpg 1078w\" sizes=\"(max-width: 702px) 100vw, 702px\" \/><\/a><\/div><div class=\"content\"><a href=\"https:\/\/www.btaytd.org\/web\/tr\/13-geleneksel-gat-festivali-coskuyla-gerceklesti\/\" title=\"13. Geleneksel GAT Festivali Co\u015fkuyla Ger\u00e7ekle\u015fti\" itemprop=\"name url\"><h3>13. Geleneksel GAT Festivali Co\u015fkuyla Ger\u00e7ekle\u015fti<\/h3><\/a><div class=\"block-meta\"><span class=\"posted-by\">By <span class=\"author\" itemprop=\"author\"><a href=\"https:\/\/www.btaytd.org\/web\/author\/btaytd\/\">BTAYTD BTAYTD<\/a><\/span><\/span><time datetime=\"2025-08-07T19:36:30+00:00\" itemprop=\"datePublished\"><a href=\"https:\/\/www.btaytd.org\/web\/2025\/08\/07\/\">A\u011fustos 7, 2025<\/a><\/time><span class=\"comments\"><a href=\"https:\/\/www.btaytd.org\/web\/tr\/13-geleneksel-gat-festivali-coskuyla-gerceklesti\/#respond\"><i class=\"fa fa-comments-o\"><\/i> 0<\/a><\/span><\/div><div class=\"excerpt\"><p>BTAYTD \u00e7at\u0131s\u0131 alt\u0131nda faaliyetini s\u00fcrd\u00fcren Gen\u00e7 Akademisyenler Toplulu\u011fu taraf\u0131ndan organize edilen 13. GAT Festivali co\u015fku dolu bir atmosferle ger\u00e7ekle\u015fti. GAT&#8217;\u0131n&hellip;<\/p>\n<\/div><\/div><\/article><\/div><div class=\"column half\"><article class=\"post-10311 post type-post status-publish format-standard has-post-thumbnail category-duyurular category-fotograflar category-genc-akademisyenler-toplulugu \" itemscope itemtype=\"http:\/\/schema.org\/Article\" ><div class=\"thumbs\"><span class=\"cat-title cat-15\"><a href=\"https:\/\/www.btaytd.org\/web\/tr\/category\/duyurular\/\">Duyurular<\/a><\/span><span class=\"fa fa-circle-o-notch fa-spin loader-img\"><\/span><a href=\"https:\/\/www.btaytd.org\/web\/tr\/duyuru-davetiye-76\/\" itemprop=\"url\"><img loading=\"lazy\" decoding=\"async\" width=\"702\" height=\"336\" src=\"https:\/\/www.btaytd.org\/web\/wp-content\/uploads\/2025\/06\/golden-702x336.jpg\" class=\"attachment-flipmag-main-slider size-flipmag-main-slider wp-post-image\" alt=\"\" title=\"DUYURU -DAVET\u0130YE\" itemprop=\"image\" srcset=\"https:\/\/www.btaytd.org\/web\/wp-content\/uploads\/2025\/06\/golden-702x336.jpg 702w, https:\/\/www.btaytd.org\/web\/wp-content\/uploads\/2025\/06\/golden-1078x516.jpg 1078w\" sizes=\"(max-width: 702px) 100vw, 702px\" \/><\/a><\/div><div class=\"content\"><a href=\"https:\/\/www.btaytd.org\/web\/tr\/duyuru-davetiye-76\/\" title=\"DUYURU -DAVET\u0130YE\" itemprop=\"name url\"><h3>DUYURU -DAVET\u0130YE<\/h3><\/a><div class=\"block-meta\"><span class=\"posted-by\">By <span class=\"author\" itemprop=\"author\"><a href=\"https:\/\/www.btaytd.org\/web\/author\/btaytd\/\">BTAYTD BTAYTD<\/a><\/span><\/span><time datetime=\"2025-06-30T13:49:40+00:00\" itemprop=\"datePublished\"><a href=\"https:\/\/www.btaytd.org\/web\/2025\/06\/30\/\">Haziran 30, 2025<\/a><\/time><span class=\"comments\"><a href=\"https:\/\/www.btaytd.org\/web\/tr\/duyuru-davetiye-76\/#respond\"><i class=\"fa fa-comments-o\"><\/i> 0<\/a><\/span><\/div><div class=\"excerpt\"><\/div><\/div><\/article><\/div><div class=\"column half\"><article class=\"post-10175 post type-post status-publish format-standard has-post-thumbnail category-alt-kurullar category-duyurular category-fotograflar category-genc-akademisyenler-toplulugu \" itemscope itemtype=\"http:\/\/schema.org\/Article\" ><div class=\"thumbs\"><span class=\"cat-title cat-44\"><a href=\"https:\/\/www.btaytd.org\/web\/tr\/category\/alt-kurullar\/\">Alt Kurullar<\/a><\/span><span class=\"fa fa-circle-o-notch fa-spin loader-img\"><\/span><a href=\"https:\/\/www.btaytd.org\/web\/tr\/duyuru-31\/\" itemprop=\"url\"><img loading=\"lazy\" decoding=\"async\" width=\"702\" height=\"336\" src=\"https:\/\/www.btaytd.org\/web\/wp-content\/uploads\/2025\/05\/thumbnail_1DA51321-7355-4E90-9132-A3C1676FCD1A-702x336.jpg\" class=\"attachment-flipmag-main-slider size-flipmag-main-slider wp-post-image\" alt=\"\" title=\"DUYURU\" itemprop=\"image\" srcset=\"https:\/\/www.btaytd.org\/web\/wp-content\/uploads\/2025\/05\/thumbnail_1DA51321-7355-4E90-9132-A3C1676FCD1A-702x336.jpg 702w, https:\/\/www.btaytd.org\/web\/wp-content\/uploads\/2025\/05\/thumbnail_1DA51321-7355-4E90-9132-A3C1676FCD1A-1078x516.jpg 1078w\" sizes=\"(max-width: 702px) 100vw, 702px\" \/><\/a><\/div><div class=\"content\"><a href=\"https:\/\/www.btaytd.org\/web\/tr\/duyuru-31\/\" title=\"DUYURU\" itemprop=\"name url\"><h3>DUYURU<\/h3><\/a><div class=\"block-meta\"><span class=\"posted-by\">By <span class=\"author\" itemprop=\"author\"><a href=\"https:\/\/www.btaytd.org\/web\/author\/btaytd\/\">BTAYTD BTAYTD<\/a><\/span><\/span><time datetime=\"2025-05-30T10:24:50+00:00\" itemprop=\"datePublished\"><a href=\"https:\/\/www.btaytd.org\/web\/2025\/05\/30\/\">May\u0131s 30, 2025<\/a><\/time><span class=\"comments\"><a href=\"https:\/\/www.btaytd.org\/web\/tr\/duyuru-31\/#respond\"><i class=\"fa fa-comments-o\"><\/i> 0<\/a><\/span><\/div><div class=\"excerpt\"><\/div><\/div><\/article><\/div><div class=\"column half\"><article class=\"post-9830 post type-post status-publish format-standard has-post-thumbnail category-fotograflar category-genc-akademisyenler-toplulugu category-haberler \" itemscope itemtype=\"http:\/\/schema.org\/Article\" ><div class=\"thumbs\"><span class=\"cat-title cat-94\"><a href=\"https:\/\/www.btaytd.org\/web\/tr\/category\/fotograflar\/\">Foto\u011fraflar<\/a><\/span><span class=\"fa fa-circle-o-notch fa-spin loader-img\"><\/span><a href=\"https:\/\/www.btaytd.org\/web\/tr\/nezaket-ziyaretleri\/\" itemprop=\"url\"><img loading=\"lazy\" decoding=\"async\" width=\"514\" height=\"336\" src=\"https:\/\/www.btaytd.org\/web\/wp-content\/uploads\/2025\/04\/1-2-1-514x336.jpg\" class=\"attachment-flipmag-main-slider size-flipmag-main-slider wp-post-image\" alt=\"\" title=\"NEZAKET Z\u0130YARETLER\u0130\" itemprop=\"image\" srcset=\"https:\/\/www.btaytd.org\/web\/wp-content\/uploads\/2025\/04\/1-2-1-514x336.jpg 514w, https:\/\/www.btaytd.org\/web\/wp-content\/uploads\/2025\/04\/1-2-1-214x140.jpg 214w\" sizes=\"(max-width: 514px) 100vw, 514px\" \/><\/a><\/div><div class=\"content\"><a href=\"https:\/\/www.btaytd.org\/web\/tr\/nezaket-ziyaretleri\/\" title=\"NEZAKET Z\u0130YARETLER\u0130\" itemprop=\"name url\"><h3>NEZAKET Z\u0130YARETLER\u0130<\/h3><\/a><div class=\"block-meta\"><span class=\"posted-by\">By <span class=\"author\" itemprop=\"author\"><a href=\"https:\/\/www.btaytd.org\/web\/author\/btaytd\/\">BTAYTD BTAYTD<\/a><\/span><\/span><time datetime=\"2025-04-28T14:01:07+00:00\" itemprop=\"datePublished\"><a href=\"https:\/\/www.btaytd.org\/web\/2025\/04\/28\/\">Nisan 28, 2025<\/a><\/time><span class=\"comments\"><a href=\"https:\/\/www.btaytd.org\/web\/tr\/nezaket-ziyaretleri\/#respond\"><i class=\"fa fa-comments-o\"><\/i> 0<\/a><\/span><\/div><div class=\"excerpt\"><p>Bat\u0131 Tarkya Az\u0131nl\u0131\u011f\u0131 Y\u00fcksek Tahsilliler Derne\u011fi Gen\u00e7 Akademisyenler Toplulu\u011fu Y\u00f6netim Kurulu \u00fcyeleri 23, 24 ve 25 Nisan 2025 tarihlerinde nezaket&hellip;<\/p>\n<\/div><\/div><\/article><\/div><div class=\"column half\"><article class=\"post-9589 post type-post status-publish format-standard has-post-thumbnail category-alt-kurullar category-fotograflar category-genc-akademisyenler-toplulugu category-haberler \" itemscope itemtype=\"http:\/\/schema.org\/Article\" ><div class=\"thumbs\"><span class=\"cat-title cat-44\"><a href=\"https:\/\/www.btaytd.org\/web\/tr\/category\/alt-kurullar\/\">Alt Kurullar<\/a><\/span><span class=\"fa fa-circle-o-notch fa-spin loader-img\"><\/span><a href=\"https:\/\/www.btaytd.org\/web\/tr\/gat-29-olagan-genel-kurulu-gerceklesti\/\" itemprop=\"url\"><img loading=\"lazy\" decoding=\"async\" width=\"702\" height=\"336\" src=\"https:\/\/www.btaytd.org\/web\/wp-content\/uploads\/2025\/03\/kapak-1-702x336.jpeg\" class=\"attachment-flipmag-main-slider size-flipmag-main-slider wp-post-image\" alt=\"\" title=\"GAT 29. OLA\u011eAN GENEL KURULU GER\u00c7EKLE\u015eT\u0130\" itemprop=\"image\" \/><\/a><\/div><div class=\"content\"><a href=\"https:\/\/www.btaytd.org\/web\/tr\/gat-29-olagan-genel-kurulu-gerceklesti\/\" title=\"GAT 29. OLA\u011eAN GENEL KURULU GER\u00c7EKLE\u015eT\u0130\" itemprop=\"name url\"><h3>GAT 29. OLA\u011eAN GENEL KURULU GER\u00c7EKLE\u015eT\u0130<\/h3><\/a><div class=\"block-meta\"><span class=\"posted-by\">By <span class=\"author\" itemprop=\"author\"><a href=\"https:\/\/www.btaytd.org\/web\/author\/btaytd\/\">BTAYTD BTAYTD<\/a><\/span><\/span><time datetime=\"2025-03-29T16:38:15+00:00\" itemprop=\"datePublished\"><a href=\"https:\/\/www.btaytd.org\/web\/2025\/03\/29\/\">Mart 29, 2025<\/a><\/time><span class=\"comments\"><a href=\"https:\/\/www.btaytd.org\/web\/tr\/gat-29-olagan-genel-kurulu-gerceklesti\/#respond\"><i class=\"fa fa-comments-o\"><\/i> 0<\/a><\/span><\/div><div class=\"excerpt\"><p>29 Mart 2025 Cumartesi g\u00fcn\u00fc Gen\u00e7 Akademisyenler Toplulu\u011fu (GAT) 29. Ola\u011fan Genel Kurulunu ger\u00e7ekle\u015ftirdi.  B\u00fcy\u00fck bir kat\u0131l\u0131mla ger\u00e7ekle\u015fen Genel Kurulda&hellip;<\/p>\n<\/div><\/div><\/article><\/div><\/div><div id=\"page_tveipadmuroqxbhnwlzjgykcf\" class=\"main-pagination\"><span aria-current=\"page\" class=\"page-numbers current\">1<\/span>\n<a class=\"page-numbers\" href=\"\/web\/wp-json\/wp\/v2\/pages\/402?paged=2\">2<\/a>\n<a class=\"page-numbers\" href=\"\/web\/wp-json\/wp\/v2\/pages\/402?paged=3\">3<\/a>\n<span class=\"page-numbers dots\">&hellip;<\/span>\n<a class=\"page-numbers\" href=\"\/web\/wp-json\/wp\/v2\/pages\/402?paged=6\">6<\/a>\n<a class=\"next page-numbers\" href=\"\/web\/wp-json\/wp\/v2\/pages\/402?paged=2\"><span class=\"visuallyhidden\">Next<\/span><i class=\"fa fa-angle-right\"><\/i><\/a><\/div><\/div><\/div><\/div><\/div><\/div><\/div>","protected":false},"excerpt":{"rendered":"","protected":false},"author":2,"featured_media":0,"parent":0,"menu_order":0,"comment_status":"closed","ping_status":"closed","template":"","meta":{"footnotes":""},"class_list":["post-402","page","type-page","status-publish"],"_links":{"self":[{"href":"https:\/\/www.btaytd.org\/web\/wp-json\/wp\/v2\/pages\/402"}],"collection":[{"href":"https:\/\/www.btaytd.org\/web\/wp-json\/wp\/v2\/pages"}],"about":[{"href":"https:\/\/www.btaytd.org\/web\/wp-json\/wp\/v2\/types\/page"}],"author":[{"embeddable":true,"href":"https:\/\/www.btaytd.org\/web\/wp-json\/wp\/v2\/users\/2"}],"replies":[{"embeddable":true,"href":"https:\/\/www.btaytd.org\/web\/wp-json\/wp\/v2\/comments?post=402"}],"version-history":[{"count":3,"href":"https:\/\/www.btaytd.org\/web\/wp-json\/wp\/v2\/pages\/402\/revisions"}],"predecessor-version":[{"id":1516,"href":"https:\/\/www.btaytd.org\/web\/wp-json\/wp\/v2\/pages\/402\/revisions\/1516"}],"wp:attachment":[{"href":"https:\/\/www.btaytd.org\/web\/wp-json\/wp\/v2\/media?parent=402"}],"curies":[{"name":"wp","href":"https:\/\/api.w.org\/{rel}","templated":true}]}}