{"id":4548,"date":"2022-02-15T15:50:18","date_gmt":"2022-02-15T15:50:18","guid":{"rendered":"https:\/\/www.btaytd.org\/web\/?page_id=4548"},"modified":"2022-06-17T18:38:40","modified_gmt":"2022-06-17T18:38:40","slug":"fen-ve-doga","status":"publish","type":"page","link":"https:\/\/www.btaytd.org\/web\/tr\/fen-ve-doga\/","title":{"rendered":"Fen ve Do\u011fa"},"content":{"rendered":"\n<p>Merhaba tatil \u00e7ocuklar\u0131! Etraf\u0131n\u0131zdaki g\u00fczellikleri ke\u015ffedelim mi?  <\/p>\n\n\n\n<figure class=\"wp-block-gallery columns-1 is-cropped wp-block-gallery-1 is-layout-flex wp-block-gallery-is-layout-flex\"><ul class=\"blocks-gallery-grid\"><li class=\"blocks-gallery-item\"><figure><img loading=\"lazy\" decoding=\"async\" width=\"791\" height=\"1024\" src=\"https:\/\/www.btaytd.org\/web\/wp-content\/uploads\/2022\/06\/Fen-ve-Doga-Haziran-2022-791x1024.jpg\" alt=\"\" data-id=\"5294\" data-full-url=\"https:\/\/www.btaytd.org\/web\/wp-content\/uploads\/2022\/06\/Fen-ve-Doga-Haziran-2022.jpg\" data-link=\"https:\/\/www.btaytd.org\/web\/tr\/fen-ve-doga\/fen-ve-doga-haziran-2022\/\" class=\"wp-image-5294\" srcset=\"https:\/\/www.btaytd.org\/web\/wp-content\/uploads\/2022\/06\/Fen-ve-Doga-Haziran-2022-791x1024.jpg 791w, https:\/\/www.btaytd.org\/web\/wp-content\/uploads\/2022\/06\/Fen-ve-Doga-Haziran-2022-232x300.jpg 232w, https:\/\/www.btaytd.org\/web\/wp-content\/uploads\/2022\/06\/Fen-ve-Doga-Haziran-2022-768x994.jpg 768w, https:\/\/www.btaytd.org\/web\/wp-content\/uploads\/2022\/06\/Fen-ve-Doga-Haziran-2022-1187x1536.jpg 1187w, https:\/\/www.btaytd.org\/web\/wp-content\/uploads\/2022\/06\/Fen-ve-Doga-Haziran-2022.jpg 1545w\" sizes=\"(max-width: 791px) 100vw, 791px\" \/><\/figure><\/li><\/ul><\/figure>\n\n\n\n<div class=\"wp-block-file\"><a href=\"https:\/\/www.btaytd.org\/web\/wp-content\/uploads\/2022\/06\/Fen-ve-Doga-Haziran-2022-1.pdf\">Fen-ve-Doga-Haziran-2022-1<\/a><a href=\"https:\/\/www.btaytd.org\/web\/wp-content\/uploads\/2022\/06\/Fen-ve-Doga-Haziran-2022-1.pdf\" class=\"wp-block-file__button\" download>\u0130ndir<\/a><\/div>\n\n\n\n<p>Hi\u00e7 renk de\u011fi\u015ftiren \u00e7i\u00e7ek g\u00f6rd\u00fcn\u00fcz m\u00fc?<\/p>\n\n\n\n<figure class=\"wp-block-gallery columns-1 is-cropped wp-block-gallery-2 is-layout-flex wp-block-gallery-is-layout-flex\"><ul class=\"blocks-gallery-grid\"><li class=\"blocks-gallery-item\"><figure><img loading=\"lazy\" decoding=\"async\" width=\"724\" height=\"1024\" src=\"https:\/\/www.btaytd.org\/web\/wp-content\/uploads\/2022\/05\/Fen-ve-Doga-Mayis-Ayi-724x1024.jpg\" alt=\"\" data-id=\"5139\" data-full-url=\"https:\/\/www.btaytd.org\/web\/wp-content\/uploads\/2022\/05\/Fen-ve-Doga-Mayis-Ayi.jpg\" data-link=\"https:\/\/www.btaytd.org\/web\/tr\/fen-ve-doga\/fen-ve-doga-mayis-ayi\/\" class=\"wp-image-5139\" srcset=\"https:\/\/www.btaytd.org\/web\/wp-content\/uploads\/2022\/05\/Fen-ve-Doga-Mayis-Ayi-724x1024.jpg 724w, https:\/\/www.btaytd.org\/web\/wp-content\/uploads\/2022\/05\/Fen-ve-Doga-Mayis-Ayi-212x300.jpg 212w, https:\/\/www.btaytd.org\/web\/wp-content\/uploads\/2022\/05\/Fen-ve-Doga-Mayis-Ayi-768x1086.jpg 768w, https:\/\/www.btaytd.org\/web\/wp-content\/uploads\/2022\/05\/Fen-ve-Doga-Mayis-Ayi-1086x1536.jpg 1086w, https:\/\/www.btaytd.org\/web\/wp-content\/uploads\/2022\/05\/Fen-ve-Doga-Mayis-Ayi.jpg 1414w\" sizes=\"(max-width: 724px) 100vw, 724px\" \/><\/figure><\/li><\/ul><\/figure>\n\n\n\n<div class=\"wp-block-file\"><a href=\"https:\/\/www.btaytd.org\/web\/wp-content\/uploads\/2022\/05\/Fen-ve-Doga-Mayis2022.pdf\">Fen-ve-Doga-Mayis2022<\/a><a href=\"https:\/\/www.btaytd.org\/web\/wp-content\/uploads\/2022\/05\/Fen-ve-Doga-Mayis2022.pdf\" class=\"wp-block-file__button\" download>\u0130ndir<\/a><\/div>\n\n\n\n<p><\/p>\n\n\n\n<p>Merhaba \u00c7ocuklar! Yanarda\u011f patlamas\u0131n\u0131 deneyerek \u00f6\u011frenmeye ne dersiniz? <\/p>\n\n\n\n<figure class=\"wp-block-gallery columns-2 is-cropped wp-block-gallery-3 is-layout-flex wp-block-gallery-is-layout-flex\"><ul class=\"blocks-gallery-grid\"><li class=\"blocks-gallery-item\"><figure><img loading=\"lazy\" decoding=\"async\" width=\"724\" height=\"1024\" src=\"https:\/\/www.btaytd.org\/web\/wp-content\/uploads\/2022\/02\/1-8-724x1024.jpg\" alt=\"\" data-id=\"4610\" data-full-url=\"https:\/\/www.btaytd.org\/web\/wp-content\/uploads\/2022\/02\/1-8.jpg\" data-link=\"https:\/\/www.btaytd.org\/web\/tr\/fen-ve-doga\/1-8-3\/\" class=\"wp-image-4610\" srcset=\"https:\/\/www.btaytd.org\/web\/wp-content\/uploads\/2022\/02\/1-8-724x1024.jpg 724w, https:\/\/www.btaytd.org\/web\/wp-content\/uploads\/2022\/02\/1-8-212x300.jpg 212w, https:\/\/www.btaytd.org\/web\/wp-content\/uploads\/2022\/02\/1-8-768x1086.jpg 768w, https:\/\/www.btaytd.org\/web\/wp-content\/uploads\/2022\/02\/1-8-1086x1536.jpg 1086w, https:\/\/www.btaytd.org\/web\/wp-content\/uploads\/2022\/02\/1-8.jpg 1414w\" sizes=\"(max-width: 724px) 100vw, 724px\" \/><\/figure><\/li><li class=\"blocks-gallery-item\"><figure><img loading=\"lazy\" decoding=\"async\" width=\"724\" height=\"1024\" src=\"https:\/\/www.btaytd.org\/web\/wp-content\/uploads\/2022\/02\/2-6-724x1024.jpg\" alt=\"\" data-id=\"4611\" data-full-url=\"https:\/\/www.btaytd.org\/web\/wp-content\/uploads\/2022\/02\/2-6.jpg\" data-link=\"https:\/\/www.btaytd.org\/web\/tr\/fen-ve-doga\/2-6-4\/\" class=\"wp-image-4611\" srcset=\"https:\/\/www.btaytd.org\/web\/wp-content\/uploads\/2022\/02\/2-6-724x1024.jpg 724w, https:\/\/www.btaytd.org\/web\/wp-content\/uploads\/2022\/02\/2-6-212x300.jpg 212w, https:\/\/www.btaytd.org\/web\/wp-content\/uploads\/2022\/02\/2-6-768x1086.jpg 768w, https:\/\/www.btaytd.org\/web\/wp-content\/uploads\/2022\/02\/2-6-1086x1536.jpg 1086w, https:\/\/www.btaytd.org\/web\/wp-content\/uploads\/2022\/02\/2-6.jpg 1414w\" sizes=\"(max-width: 724px) 100vw, 724px\" \/><\/figure><\/li><\/ul><\/figure>\n\n\n\n<div class=\"wp-block-file\"><a href=\"https:\/\/www.btaytd.org\/web\/wp-content\/uploads\/2022\/02\/Fen-ve-Doga.pdf\">Fen-ve-Doga<\/a><a href=\"https:\/\/www.btaytd.org\/web\/wp-content\/uploads\/2022\/02\/Fen-ve-Doga.pdf\" class=\"wp-block-file__button\" download>\u0130ndir<\/a><\/div>\n\n\n\n<p>Hey arkada\u015f\u0131m, d\u0131\u015far\u0131 \u00e7\u0131k\u0131p ko\u015fmaya ve kendi yapt\u0131\u011f\u0131n u\u00e7urtmay\u0131 u\u00e7urmaya haz\u0131r m\u0131s\u0131n?<\/p>\n\n\n\n<figure class=\"wp-block-gallery columns-3 is-cropped wp-block-gallery-4 is-layout-flex wp-block-gallery-is-layout-flex\"><ul class=\"blocks-gallery-grid\"><li class=\"blocks-gallery-item\"><figure><img loading=\"lazy\" decoding=\"async\" width=\"791\" height=\"1024\" src=\"https:\/\/www.btaytd.org\/web\/wp-content\/uploads\/2022\/03\/1-3-791x1024.jpg\" alt=\"\" data-id=\"4823\" data-full-url=\"https:\/\/www.btaytd.org\/web\/wp-content\/uploads\/2022\/03\/1-3.jpg\" data-link=\"https:\/\/www.btaytd.org\/web\/tr\/fen-ve-doga\/1-3-5\/\" class=\"wp-image-4823\" srcset=\"https:\/\/www.btaytd.org\/web\/wp-content\/uploads\/2022\/03\/1-3-791x1024.jpg 791w, https:\/\/www.btaytd.org\/web\/wp-content\/uploads\/2022\/03\/1-3-232x300.jpg 232w, https:\/\/www.btaytd.org\/web\/wp-content\/uploads\/2022\/03\/1-3-768x994.jpg 768w, https:\/\/www.btaytd.org\/web\/wp-content\/uploads\/2022\/03\/1-3-1187x1536.jpg 1187w, https:\/\/www.btaytd.org\/web\/wp-content\/uploads\/2022\/03\/1-3.jpg 1545w\" sizes=\"(max-width: 791px) 100vw, 791px\" \/><\/figure><\/li><li class=\"blocks-gallery-item\"><figure><img loading=\"lazy\" decoding=\"async\" width=\"791\" height=\"1024\" src=\"https:\/\/www.btaytd.org\/web\/wp-content\/uploads\/2022\/03\/2-1-791x1024.jpg\" alt=\"\" data-id=\"4824\" data-full-url=\"https:\/\/www.btaytd.org\/web\/wp-content\/uploads\/2022\/03\/2-1.jpg\" data-link=\"https:\/\/www.btaytd.org\/web\/tr\/fen-ve-doga\/2-1-16\/\" class=\"wp-image-4824\" srcset=\"https:\/\/www.btaytd.org\/web\/wp-content\/uploads\/2022\/03\/2-1-791x1024.jpg 791w, https:\/\/www.btaytd.org\/web\/wp-content\/uploads\/2022\/03\/2-1-232x300.jpg 232w, https:\/\/www.btaytd.org\/web\/wp-content\/uploads\/2022\/03\/2-1-768x994.jpg 768w, https:\/\/www.btaytd.org\/web\/wp-content\/uploads\/2022\/03\/2-1-1187x1536.jpg 1187w, https:\/\/www.btaytd.org\/web\/wp-content\/uploads\/2022\/03\/2-1.jpg 1545w\" sizes=\"(max-width: 791px) 100vw, 791px\" \/><\/figure><\/li><li class=\"blocks-gallery-item\"><figure><img loading=\"lazy\" decoding=\"async\" width=\"791\" height=\"1024\" src=\"https:\/\/www.btaytd.org\/web\/wp-content\/uploads\/2022\/03\/3-1-791x1024.jpg\" alt=\"\" data-id=\"4825\" data-full-url=\"https:\/\/www.btaytd.org\/web\/wp-content\/uploads\/2022\/03\/3-1.jpg\" data-link=\"https:\/\/www.btaytd.org\/web\/tr\/fen-ve-doga\/3-1-15\/\" class=\"wp-image-4825\" srcset=\"https:\/\/www.btaytd.org\/web\/wp-content\/uploads\/2022\/03\/3-1-791x1024.jpg 791w, https:\/\/www.btaytd.org\/web\/wp-content\/uploads\/2022\/03\/3-1-232x300.jpg 232w, https:\/\/www.btaytd.org\/web\/wp-content\/uploads\/2022\/03\/3-1-768x994.jpg 768w, https:\/\/www.btaytd.org\/web\/wp-content\/uploads\/2022\/03\/3-1-1187x1536.jpg 1187w, https:\/\/www.btaytd.org\/web\/wp-content\/uploads\/2022\/03\/3-1.jpg 1545w\" sizes=\"(max-width: 791px) 100vw, 791px\" \/><\/figure><\/li><\/ul><\/figure>\n\n\n\n<div class=\"wp-block-file\"><a href=\"https:\/\/www.btaytd.org\/web\/wp-content\/uploads\/2022\/03\/Fen-ve-Doga-Uc-Uc-Ucurtma.pdf\">Fen-ve-Doga-Uc-Uc-Ucurtma Mart Ayi<\/a><a href=\"https:\/\/www.btaytd.org\/web\/wp-content\/uploads\/2022\/03\/Fen-ve-Doga-Uc-Uc-Ucurtma.pdf\" class=\"wp-block-file__button\" download>\u0130ndir<\/a><\/div>\n\n\n\n<p>\u0130lkbahar geldi, do\u011fa ye\u015ferdi. \u00c7\u0131k\u0131p biraz do\u011fay\u0131 inceleyelim. Toplad\u0131\u011f\u0131m\u0131z yapraklar\u0131n hangi a\u011faca ait oldu\u011funu \u00f6\u011frenelim ve kendi yaprak koleksiyonumuzu olu\u015ftural\u0131m. Ek olarak sizlere Yaprak Koleksiyonum ba\u015fl\u0131kl\u0131 bir \u00e7al\u0131\u015fma sayfas\u0131 veriyoruz. Noktal\u0131 yerlerden delerek ve sayfalar\u0131 buldu\u011funuz yaprak say\u0131s\u0131 kadar \u00e7o\u011faltarak kendi kitab\u0131n\u0131z\u0131 olu\u015fturabilirsiniz. Herkese kolay gelsin. <\/p>\n\n\n\n<figure class=\"wp-block-gallery columns-3 is-cropped wp-block-gallery-5 is-layout-flex wp-block-gallery-is-layout-flex\"><ul class=\"blocks-gallery-grid\"><li class=\"blocks-gallery-item\"><figure><img loading=\"lazy\" decoding=\"async\" width=\"723\" height=\"1024\" src=\"https:\/\/www.btaytd.org\/web\/wp-content\/uploads\/2022\/04\/1-1-723x1024.jpeg\" alt=\"\" data-id=\"4991\" data-full-url=\"https:\/\/www.btaytd.org\/web\/wp-content\/uploads\/2022\/04\/1-1.jpeg\" data-link=\"https:\/\/www.btaytd.org\/web\/tr\/fen-ve-doga\/1-1-7\/\" class=\"wp-image-4991\" srcset=\"https:\/\/www.btaytd.org\/web\/wp-content\/uploads\/2022\/04\/1-1-723x1024.jpeg 723w, https:\/\/www.btaytd.org\/web\/wp-content\/uploads\/2022\/04\/1-1-212x300.jpeg 212w, https:\/\/www.btaytd.org\/web\/wp-content\/uploads\/2022\/04\/1-1-768x1087.jpeg 768w, https:\/\/www.btaytd.org\/web\/wp-content\/uploads\/2022\/04\/1-1.jpeg 904w\" sizes=\"(max-width: 723px) 100vw, 723px\" \/><\/figure><\/li><li class=\"blocks-gallery-item\"><figure><img loading=\"lazy\" decoding=\"async\" width=\"723\" height=\"1024\" src=\"https:\/\/www.btaytd.org\/web\/wp-content\/uploads\/2022\/04\/1-2-723x1024.jpeg\" alt=\"\" data-id=\"4992\" data-full-url=\"https:\/\/www.btaytd.org\/web\/wp-content\/uploads\/2022\/04\/1-2.jpeg\" data-link=\"https:\/\/www.btaytd.org\/web\/tr\/fen-ve-doga\/1-2-6\/\" class=\"wp-image-4992\" srcset=\"https:\/\/www.btaytd.org\/web\/wp-content\/uploads\/2022\/04\/1-2-723x1024.jpeg 723w, https:\/\/www.btaytd.org\/web\/wp-content\/uploads\/2022\/04\/1-2-212x300.jpeg 212w, https:\/\/www.btaytd.org\/web\/wp-content\/uploads\/2022\/04\/1-2-768x1087.jpeg 768w, https:\/\/www.btaytd.org\/web\/wp-content\/uploads\/2022\/04\/1-2.jpeg 904w\" sizes=\"(max-width: 723px) 100vw, 723px\" \/><\/figure><\/li><li class=\"blocks-gallery-item\"><figure><img loading=\"lazy\" decoding=\"async\" width=\"723\" height=\"1024\" src=\"https:\/\/www.btaytd.org\/web\/wp-content\/uploads\/2022\/04\/1-3-723x1024.jpeg\" alt=\"\" data-id=\"4993\" data-full-url=\"https:\/\/www.btaytd.org\/web\/wp-content\/uploads\/2022\/04\/1-3.jpeg\" data-link=\"https:\/\/www.btaytd.org\/web\/tr\/fen-ve-doga\/1-3-7\/\" class=\"wp-image-4993\" srcset=\"https:\/\/www.btaytd.org\/web\/wp-content\/uploads\/2022\/04\/1-3-723x1024.jpeg 723w, https:\/\/www.btaytd.org\/web\/wp-content\/uploads\/2022\/04\/1-3-212x300.jpeg 212w, https:\/\/www.btaytd.org\/web\/wp-content\/uploads\/2022\/04\/1-3-768x1087.jpeg 768w, https:\/\/www.btaytd.org\/web\/wp-content\/uploads\/2022\/04\/1-3.jpeg 904w\" sizes=\"(max-width: 723px) 100vw, 723px\" \/><\/figure><\/li><li class=\"blocks-gallery-item\"><figure><img loading=\"lazy\" decoding=\"async\" width=\"723\" height=\"1024\" src=\"https:\/\/www.btaytd.org\/web\/wp-content\/uploads\/2022\/04\/1-4-723x1024.jpeg\" alt=\"\" data-id=\"4994\" data-full-url=\"https:\/\/www.btaytd.org\/web\/wp-content\/uploads\/2022\/04\/1-4.jpeg\" data-link=\"https:\/\/www.btaytd.org\/web\/tr\/fen-ve-doga\/1-4-7\/\" class=\"wp-image-4994\" srcset=\"https:\/\/www.btaytd.org\/web\/wp-content\/uploads\/2022\/04\/1-4-723x1024.jpeg 723w, https:\/\/www.btaytd.org\/web\/wp-content\/uploads\/2022\/04\/1-4-212x300.jpeg 212w, https:\/\/www.btaytd.org\/web\/wp-content\/uploads\/2022\/04\/1-4-768x1087.jpeg 768w, https:\/\/www.btaytd.org\/web\/wp-content\/uploads\/2022\/04\/1-4.jpeg 904w\" sizes=\"(max-width: 723px) 100vw, 723px\" \/><\/figure><\/li><li class=\"blocks-gallery-item\"><figure><img loading=\"lazy\" decoding=\"async\" width=\"723\" height=\"1024\" src=\"https:\/\/www.btaytd.org\/web\/wp-content\/uploads\/2022\/04\/1-5-723x1024.jpeg\" alt=\"\" data-id=\"4995\" data-full-url=\"https:\/\/www.btaytd.org\/web\/wp-content\/uploads\/2022\/04\/1-5.jpeg\" data-link=\"https:\/\/www.btaytd.org\/web\/tr\/fen-ve-doga\/1-5-3\/\" class=\"wp-image-4995\" srcset=\"https:\/\/www.btaytd.org\/web\/wp-content\/uploads\/2022\/04\/1-5-723x1024.jpeg 723w, https:\/\/www.btaytd.org\/web\/wp-content\/uploads\/2022\/04\/1-5-212x300.jpeg 212w, https:\/\/www.btaytd.org\/web\/wp-content\/uploads\/2022\/04\/1-5-768x1087.jpeg 768w, https:\/\/www.btaytd.org\/web\/wp-content\/uploads\/2022\/04\/1-5.jpeg 904w\" sizes=\"(max-width: 723px) 100vw, 723px\" \/><\/figure><\/li><\/ul><\/figure>\n\n\n\n<div class=\"wp-block-file\"><a href=\"https:\/\/www.btaytd.org\/web\/wp-content\/uploads\/2022\/04\/FEN-VE-DOGA-1.pdf\">FEN-VE-DOGA-Nisan 2022<\/a><a href=\"https:\/\/www.btaytd.org\/web\/wp-content\/uploads\/2022\/04\/FEN-VE-DOGA-1.pdf\" class=\"wp-block-file__button\" download>\u0130ndir<\/a><\/div>\n\n\n\n<div class=\"wp-block-file\"><a href=\"https:\/\/www.btaytd.org\/web\/wp-content\/uploads\/2022\/04\/yaprak-koleksiyonum.pdf\">yaprak-koleksiyonum-Nisan 2022<\/a><a href=\"https:\/\/www.btaytd.org\/web\/wp-content\/uploads\/2022\/04\/yaprak-koleksiyonum.pdf\" class=\"wp-block-file__button\" download>\u0130ndir<\/a><\/div>\n\n\n\n<p> <\/p>\n","protected":false},"excerpt":{"rendered":"<p>Merhaba tatil \u00e7ocuklar\u0131! Etraf\u0131n\u0131zdaki g\u00fczellikleri ke\u015ffedelim mi? Hi\u00e7 renk de\u011fi\u015ftiren \u00e7i\u00e7ek g\u00f6rd\u00fcn\u00fcz m\u00fc? Merhaba \u00c7ocuklar! Yanarda\u011f patlamas\u0131n\u0131 deneyerek \u00f6\u011frenmeye ne dersiniz? Hey arkada\u015f\u0131m, d\u0131\u015far\u0131 \u00e7\u0131k\u0131p ko\u015fmaya ve kendi yapt\u0131\u011f\u0131n u\u00e7urtmay\u0131 u\u00e7urmaya haz\u0131r m\u0131s\u0131n? \u0130lkbahar geldi, do\u011fa ye\u015ferdi. \u00c7\u0131k\u0131p biraz do\u011fay\u0131 inceleyelim. Toplad\u0131\u011f\u0131m\u0131z yapraklar\u0131n hangi a\u011faca ait oldu\u011funu \u00f6\u011frenelim ve kendi yaprak koleksiyonumuzu olu\u015ftural\u0131m. Ek olarak<\/p>\n<div class=\"read-more\"><a href=\"https:\/\/www.btaytd.org\/web\/tr\/fen-ve-doga\/\" title=\"Read More\">Read More<\/a><\/div>\n","protected":false},"author":8,"featured_media":0,"parent":0,"menu_order":0,"comment_status":"closed","ping_status":"closed","template":"","meta":{"footnotes":""},"class_list":["post-4548","page","type-page","status-publish"],"_links":{"self":[{"href":"https:\/\/www.btaytd.org\/web\/wp-json\/wp\/v2\/pages\/4548"}],"collection":[{"href":"https:\/\/www.btaytd.org\/web\/wp-json\/wp\/v2\/pages"}],"about":[{"href":"https:\/\/www.btaytd.org\/web\/wp-json\/wp\/v2\/types\/page"}],"author":[{"embeddable":true,"href":"https:\/\/www.btaytd.org\/web\/wp-json\/wp\/v2\/users\/8"}],"replies":[{"embeddable":true,"href":"https:\/\/www.btaytd.org\/web\/wp-json\/wp\/v2\/comments?post=4548"}],"version-history":[{"count":9,"href":"https:\/\/www.btaytd.org\/web\/wp-json\/wp\/v2\/pages\/4548\/revisions"}],"predecessor-version":[{"id":5309,"href":"https:\/\/www.btaytd.org\/web\/wp-json\/wp\/v2\/pages\/4548\/revisions\/5309"}],"wp:attachment":[{"href":"https:\/\/www.btaytd.org\/web\/wp-json\/wp\/v2\/media?parent=4548"}],"curies":[{"name":"wp","href":"https:\/\/api.w.org\/{rel}","templated":true}]}}