{"id":71,"date":"2019-09-09T16:53:29","date_gmt":"2019-09-09T16:53:29","guid":{"rendered":"https:\/\/www.btaytd.org\/web\/?page_id=71"},"modified":"2019-09-15T22:38:40","modified_gmt":"2019-09-15T22:38:40","slug":"etkinlik-takvimi","status":"publish","type":"page","link":"https:\/\/www.btaytd.org\/web\/tr\/etkinlik-takvimi\/","title":{"rendered":"Etkinlik Takvimi"},"content":{"rendered":"<div id=\"pl-gb71-69f91b72bc19a\"  class=\"panel-layout\" ><div id=\"pg-gb71-69f91b72bc19a-0\"  class=\"panel-grid panel-no-style\" ><div id=\"pgc-gb71-69f91b72bc19a-0-0\"  class=\"panel-grid-cell\"  data-weight=\"1\" ><div id=\"panel-gb71-69f91b72bc19a-0-0-0\" class=\"so-panel widget widget_calendar panel-first-child panel-last-child\" data-index=\"0\" data-style=\"{&quot;background_image_attachment&quot;:false,&quot;background_display&quot;:&quot;tile&quot;,&quot;link_color&quot;:&quot;#1e73be&quot;}\" ><div id=\"calendar_wrap\" class=\"calendar_wrap\"><table id=\"wp-calendar\" class=\"wp-calendar-table\">\n\t<caption>May\u0131s 2026<\/caption>\n\t<thead>\n\t<tr>\n\t\t<th scope=\"col\" title=\"Pazartesi\">P<\/th>\n\t\t<th scope=\"col\" title=\"Sal\u0131\">S<\/th>\n\t\t<th scope=\"col\" title=\"\u00c7ar\u015famba\">\u00c7<\/th>\n\t\t<th scope=\"col\" title=\"Per\u015fembe\">P<\/th>\n\t\t<th scope=\"col\" title=\"Cuma\">C<\/th>\n\t\t<th scope=\"col\" title=\"Cumartesi\">C<\/th>\n\t\t<th scope=\"col\" title=\"Pazar\">P<\/th>\n\t<\/tr>\n\t<\/thead>\n\t<tbody>\n\t<tr>\n\t\t<td colspan=\"4\" class=\"pad\">&nbsp;<\/td><td>1<\/td><td>2<\/td><td>3<\/td>\n\t<\/tr>\n\t<tr>\n\t\t<td id=\"today\"><a href=\"https:\/\/www.btaytd.org\/web\/2026\/05\/04\/\" aria-label=\"Yaz\u0131lar 4 May 2026 tarihinde yay\u0131nland\u0131\">4<\/a><\/td><td>5<\/td><td>6<\/td><td>7<\/td><td>8<\/td><td>9<\/td><td>10<\/td>\n\t<\/tr>\n\t<tr>\n\t\t<td>11<\/td><td>12<\/td><td>13<\/td><td>14<\/td><td>15<\/td><td>16<\/td><td>17<\/td>\n\t<\/tr>\n\t<tr>\n\t\t<td>18<\/td><td>19<\/td><td>20<\/td><td>21<\/td><td>22<\/td><td>23<\/td><td>24<\/td>\n\t<\/tr>\n\t<tr>\n\t\t<td>25<\/td><td>26<\/td><td>27<\/td><td>28<\/td><td>29<\/td><td>30<\/td><td>31<\/td>\n\t<\/tr>\n\t<\/tbody>\n\t<\/table><nav aria-label=\"Ge\u00e7mi\u015f ve gelecek aylar\" class=\"wp-calendar-nav\">\n\t\t<span class=\"wp-calendar-nav-prev\"><a href=\"https:\/\/www.btaytd.org\/web\/2026\/04\/\">&laquo; Nis<\/a><\/span>\n\t\t<span class=\"pad\">&nbsp;<\/span>\n\t\t<span class=\"wp-calendar-nav-next\">&nbsp;<\/span>\n\t<\/nav><\/div><\/div><\/div><\/div><\/div>","protected":false},"excerpt":{"rendered":"","protected":false},"author":2,"featured_media":0,"parent":0,"menu_order":0,"comment_status":"closed","ping_status":"closed","template":"","meta":{"footnotes":""},"class_list":["post-71","page","type-page","status-publish"],"_links":{"self":[{"href":"https:\/\/www.btaytd.org\/web\/wp-json\/wp\/v2\/pages\/71"}],"collection":[{"href":"https:\/\/www.btaytd.org\/web\/wp-json\/wp\/v2\/pages"}],"about":[{"href":"https:\/\/www.btaytd.org\/web\/wp-json\/wp\/v2\/types\/page"}],"author":[{"embeddable":true,"href":"https:\/\/www.btaytd.org\/web\/wp-json\/wp\/v2\/users\/2"}],"replies":[{"embeddable":true,"href":"https:\/\/www.btaytd.org\/web\/wp-json\/wp\/v2\/comments?post=71"}],"version-history":[{"count":4,"href":"https:\/\/www.btaytd.org\/web\/wp-json\/wp\/v2\/pages\/71\/revisions"}],"predecessor-version":[{"id":1532,"href":"https:\/\/www.btaytd.org\/web\/wp-json\/wp\/v2\/pages\/71\/revisions\/1532"}],"wp:attachment":[{"href":"https:\/\/www.btaytd.org\/web\/wp-json\/wp\/v2\/media?parent=71"}],"curies":[{"name":"wp","href":"https:\/\/api.w.org\/{rel}","templated":true}]}}