{"id":8296,"date":"2024-10-06T19:25:08","date_gmt":"2024-10-06T19:25:08","guid":{"rendered":"https:\/\/www.btaytd.org\/web\/?page_id=8296"},"modified":"2024-10-06T19:25:16","modified_gmt":"2024-10-06T19:25:16","slug":"pusula-dergisi-eylul-sayisi","status":"publish","type":"page","link":"https:\/\/www.btaytd.org\/web\/tr\/pusula-dergisi-eylul-sayisi\/","title":{"rendered":"Pusula Dergisi Eyl\u00fcl Say\u0131s\u0131"},"content":{"rendered":"\n<p>Bat\u0131 Trakya Az\u0131nl\u0131\u011f\u0131 Y\u00fcksek Tahsilliler Derne\u011fi Ayl\u0131k Dijital Dergisi Pusula Eyl\u00fcl Say\u0131s\u0131 ile Sizlerle. Keyifli Okumalar Dileriz.<\/p>\n\n\n\n<figure class=\"wp-block-gallery has-nested-images columns-default is-cropped wp-block-gallery-1 is-layout-flex wp-block-gallery-is-layout-flex\"><\/figure>\n\n\n\n<p><\/p>\n","protected":false},"excerpt":{"rendered":"<p>Bat\u0131 Trakya Az\u0131nl\u0131\u011f\u0131 Y\u00fcksek Tahsilliler Derne\u011fi Ayl\u0131k Dijital Dergisi Pusula Eyl\u00fcl Say\u0131s\u0131 ile Sizlerle. Keyifli Okumalar Dileriz.<\/p>\n","protected":false},"author":8,"featured_media":8298,"parent":0,"menu_order":0,"comment_status":"closed","ping_status":"closed","template":"","meta":{"footnotes":""},"class_list":["post-8296","page","type-page","status-publish","has-post-thumbnail"],"_links":{"self":[{"href":"https:\/\/www.btaytd.org\/web\/wp-json\/wp\/v2\/pages\/8296"}],"collection":[{"href":"https:\/\/www.btaytd.org\/web\/wp-json\/wp\/v2\/pages"}],"about":[{"href":"https:\/\/www.btaytd.org\/web\/wp-json\/wp\/v2\/types\/page"}],"author":[{"embeddable":true,"href":"https:\/\/www.btaytd.org\/web\/wp-json\/wp\/v2\/users\/8"}],"replies":[{"embeddable":true,"href":"https:\/\/www.btaytd.org\/web\/wp-json\/wp\/v2\/comments?post=8296"}],"version-history":[{"count":2,"href":"https:\/\/www.btaytd.org\/web\/wp-json\/wp\/v2\/pages\/8296\/revisions"}],"predecessor-version":[{"id":8302,"href":"https:\/\/www.btaytd.org\/web\/wp-json\/wp\/v2\/pages\/8296\/revisions\/8302"}],"wp:featuredmedia":[{"embeddable":true,"href":"https:\/\/www.btaytd.org\/web\/wp-json\/wp\/v2\/media\/8298"}],"wp:attachment":[{"href":"https:\/\/www.btaytd.org\/web\/wp-json\/wp\/v2\/media?parent=8296"}],"curies":[{"name":"wp","href":"https:\/\/api.w.org\/{rel}","templated":true}]}}